{"id":5953,"date":"2025-11-21T11:11:47","date_gmt":"2025-11-21T11:11:47","guid":{"rendered":"https:\/\/www.escolasabelheira.com\/?page_id=5953"},"modified":"2026-02-12T16:33:26","modified_gmt":"2026-02-12T16:33:26","slug":"projeto-ler-fora-da-escola","status":"publish","type":"page","link":"https:\/\/www.escolasabelheira.com\/index.php\/projeto-ler-fora-da-escola\/","title":{"rendered":"Projeto Ler fora da Escola"},"content":{"rendered":"<div class=\"wp-block-image\">\n<figure class=\"aligncenter size-full\"><img decoding=\"async\" width=\"380\" height=\"133\" data-src=\"https:\/\/www.escolasabelheira.com\/wp-content\/uploads\/2025\/11\/Logo.png\" alt=\"\" class=\"wp-image-5950 lazyload\" data-srcset=\"https:\/\/www.escolasabelheira.com\/wp-content\/uploads\/2025\/11\/Logo.png 380w, https:\/\/www.escolasabelheira.com\/wp-content\/uploads\/2025\/11\/Logo-300x105.png 300w\" data-sizes=\"(max-width: 380px) 100vw, 380px\" src=\"data:image\/svg+xml;base64,PHN2ZyB3aWR0aD0iMSIgaGVpZ2h0PSIxIiB4bWxucz0iaHR0cDovL3d3dy53My5vcmcvMjAwMC9zdmciPjwvc3ZnPg==\" style=\"--smush-placeholder-width: 380px; --smush-placeholder-aspect-ratio: 380\/133;\" \/><\/figure>\n<\/div>\n\n\n<p><\/p>\n\n\n\n<p class=\"has-text-align-center\"><strong>O projeto Ler Fora da Escola nos nossos Jardins de Inf\u00e2ncia<\/strong><\/p>\n\n\n\n<figure class=\"wp-block-video\"><video height=\"1080\" style=\"aspect-ratio: 1920 \/ 1080;\" width=\"1920\" controls src=\"https:\/\/www.escolasabelheira.com\/wp-content\/uploads\/2026\/02\/As-criancas-os-Pais-e-Encarregados-de-Educacao-e-as-educadoras-dos-nossos-Jardins-de-Infancia-continuam-a-presentear-nos-com-belissimos-trabalhos-realizados-em-casa-apos-a-leitura-em-casa.mp4\"><\/video><figcaption class=\"wp-element-caption\">As crian\u00e7as, os Pais e Encarregados de Educa\u00e7\u00e3o e as educadoras dos nossos Jardins de Inf\u00e2ncia continuam a presentear-nos com bel\u00edssimos trabalhos realizados em casa, ap\u00f3s a leitura em casa.<\/figcaption><\/figure>\n\n\n\n<p><\/p>\n\n\n\n<p>Alguns trabalhos realizados pelas crian\u00e7as do JI N.\u00ba 1 da Abelheira, em casa, ap\u00f3s a leitura e explora\u00e7\u00e3o de um livro com os respetivos Encarregados de Educa\u00e7\u00e3o.<\/p>\n\n\n\n<p>Parab\u00e9ns!<\/p>\n\n\n\n<figure class=\"wp-block-image size-large\"><img decoding=\"async\" width=\"1024\" height=\"819\" data-src=\"https:\/\/www.escolasabelheira.com\/wp-content\/uploads\/2026\/01\/Montagem-de-Fotos-Minimalista-Verde-Pastel-1024x819.png\" alt=\"\" class=\"wp-image-6141 lazyload\" data-srcset=\"https:\/\/www.escolasabelheira.com\/wp-content\/uploads\/2026\/01\/Montagem-de-Fotos-Minimalista-Verde-Pastel-1024x819.png 1024w, https:\/\/www.escolasabelheira.com\/wp-content\/uploads\/2026\/01\/Montagem-de-Fotos-Minimalista-Verde-Pastel-300x240.png 300w, https:\/\/www.escolasabelheira.com\/wp-content\/uploads\/2026\/01\/Montagem-de-Fotos-Minimalista-Verde-Pastel-768x614.png 768w, https:\/\/www.escolasabelheira.com\/wp-content\/uploads\/2026\/01\/Montagem-de-Fotos-Minimalista-Verde-Pastel-1536x1229.png 1536w, https:\/\/www.escolasabelheira.com\/wp-content\/uploads\/2026\/01\/Montagem-de-Fotos-Minimalista-Verde-Pastel.png 2000w\" data-sizes=\"(max-width: 1024px) 100vw, 1024px\" src=\"data:image\/svg+xml;base64,PHN2ZyB3aWR0aD0iMSIgaGVpZ2h0PSIxIiB4bWxucz0iaHR0cDovL3d3dy53My5vcmcvMjAwMC9zdmciPjwvc3ZnPg==\" style=\"--smush-placeholder-width: 1024px; --smush-placeholder-aspect-ratio: 1024\/819;\" \/><\/figure>\n\n\n\n<p class=\"has-text-align-center\">Apresenta\u00e7\u00e3o \/ divulga\u00e7\u00e3o do Projeto nas EB1 e Jardins de Inf\u00e2ncia<\/p>\n\n\n\n<p><\/p>\n\n\n\n<p class=\"has-text-align-center has-large-font-size\"><a href=\"https:\/\/aeabelheira-my.sharepoint.com\/personal\/isabelpita_aeabelheira_edu_pt\/_layouts\/15\/stream.aspx?id=%2Fpersonal%2Fisabelpita%5Faeabelheira%5Fedu%5Fpt%2FDocuments%2FF%20LER%20fora%20da%20escola%202025%20%2D%202026%20%2D%20APRESENTA%C3%87%C3%83O%20ESCOLAS%20%281%29%2Emp4&amp;ga=1&amp;referrer=StreamWebApp%2EWeb&amp;referrerScenario=AddressBarCopied%2Eview%2Ec3e0ace1%2Dfb44%2D47f5%2Dab33%2D5a140f57e032\" target=\"_blank\" rel=\"noreferrer noopener\"><strong>Veja aqui!<\/strong><\/a><\/p>\n\n\n\n<p><\/p>\n\n\n\n<figure class=\"wp-block-image size-large\"><img decoding=\"async\" width=\"1024\" height=\"564\" data-src=\"https:\/\/www.escolasabelheira.com\/wp-content\/uploads\/2025\/11\/Foto-de-capa-1024x564.jpg\" alt=\"\" class=\"wp-image-5956 lazyload\" data-srcset=\"https:\/\/www.escolasabelheira.com\/wp-content\/uploads\/2025\/11\/Foto-de-capa-1024x564.jpg 1024w, https:\/\/www.escolasabelheira.com\/wp-content\/uploads\/2025\/11\/Foto-de-capa-300x165.jpg 300w, https:\/\/www.escolasabelheira.com\/wp-content\/uploads\/2025\/11\/Foto-de-capa-768x423.jpg 768w, https:\/\/www.escolasabelheira.com\/wp-content\/uploads\/2025\/11\/Foto-de-capa.jpg 1208w\" data-sizes=\"(max-width: 1024px) 100vw, 1024px\" src=\"data:image\/svg+xml;base64,PHN2ZyB3aWR0aD0iMSIgaGVpZ2h0PSIxIiB4bWxucz0iaHR0cDovL3d3dy53My5vcmcvMjAwMC9zdmciPjwvc3ZnPg==\" style=\"--smush-placeholder-width: 1024px; --smush-placeholder-aspect-ratio: 1024\/564;\" \/><\/figure>\n\n\n\n<p><\/p>\n\n\n\n<p><\/p>\n\n\n\n<p class=\"has-medium-font-size\">Agradecemos o excelente n\u00edvel de participa\u00e7\u00e3o de todos os envolvidos: docentes, alunos e encarregados de educa\u00e7\u00e3o!<\/p>\n\n\n\n<figure class=\"wp-block-image size-large\"><img decoding=\"async\" width=\"819\" height=\"1024\" data-src=\"https:\/\/www.escolasabelheira.com\/wp-content\/uploads\/2025\/11\/Foto-1-819x1024.jpg\" alt=\"\" class=\"wp-image-5957 lazyload\" data-srcset=\"https:\/\/www.escolasabelheira.com\/wp-content\/uploads\/2025\/11\/Foto-1-819x1024.jpg 819w, https:\/\/www.escolasabelheira.com\/wp-content\/uploads\/2025\/11\/Foto-1-240x300.jpg 240w, https:\/\/www.escolasabelheira.com\/wp-content\/uploads\/2025\/11\/Foto-1-768x960.jpg 768w, https:\/\/www.escolasabelheira.com\/wp-content\/uploads\/2025\/11\/Foto-1.jpg 1080w\" data-sizes=\"(max-width: 819px) 100vw, 819px\" src=\"data:image\/svg+xml;base64,PHN2ZyB3aWR0aD0iMSIgaGVpZ2h0PSIxIiB4bWxucz0iaHR0cDovL3d3dy53My5vcmcvMjAwMC9zdmciPjwvc3ZnPg==\" style=\"--smush-placeholder-width: 819px; --smush-placeholder-aspect-ratio: 819\/1024;\" \/><\/figure>\n\n\n\n<p><\/p>\n\n\n\n<p class=\"has-text-align-center has-large-font-size\"><strong>Trabalho realizado com as fam\u00edlias<\/strong><\/p>\n\n\n\n<p class=\"has-text-align-center has-colibri-color-3-color has-text-color has-link-color has-medium-font-size wp-elements-dbc4977088bca1100fb586db761259c5\"><a href=\"https:\/\/www.canva.com\/design\/DAG5QbnJvU8\/Bj4UPtuyQkmKnPW0Z5Ycbg\/view\" target=\"_blank\" rel=\"noreferrer noopener\">Apresenta\u00e7\u00e3o dos Trabalhos<\/a><\/p>\n\n\n\n<p><\/p>\n","protected":false},"excerpt":{"rendered":"<p>O projeto Ler Fora da Escola nos nossos Jardins de Inf\u00e2ncia Alguns trabalhos realizados pelas crian\u00e7as do JI N.\u00ba 1 da Abelheira, em casa, ap\u00f3s a leitura e explora\u00e7\u00e3o de um livro com os respetivos Encarregados de Educa\u00e7\u00e3o. Parab\u00e9ns! Apresenta\u00e7\u00e3o \/ divulga\u00e7\u00e3o do Projeto nas EB1 e Jardins de Inf\u00e2ncia Veja aqui! Agradecemos o excelente [&hellip;]<\/p>\n","protected":false},"author":1,"featured_media":0,"parent":0,"menu_order":0,"comment_status":"closed","ping_status":"closed","template":"","meta":{"footnotes":"","_links_to":"","_links_to_target":""},"class_list":["post-5953","page","type-page","status-publish","hentry"],"_links":{"self":[{"href":"https:\/\/www.escolasabelheira.com\/index.php\/wp-json\/wp\/v2\/pages\/5953","targetHints":{"allow":["GET"]}}],"collection":[{"href":"https:\/\/www.escolasabelheira.com\/index.php\/wp-json\/wp\/v2\/pages"}],"about":[{"href":"https:\/\/www.escolasabelheira.com\/index.php\/wp-json\/wp\/v2\/types\/page"}],"author":[{"embeddable":true,"href":"https:\/\/www.escolasabelheira.com\/index.php\/wp-json\/wp\/v2\/users\/1"}],"replies":[{"embeddable":true,"href":"https:\/\/www.escolasabelheira.com\/index.php\/wp-json\/wp\/v2\/comments?post=5953"}],"version-history":[{"count":0,"href":"https:\/\/www.escolasabelheira.com\/index.php\/wp-json\/wp\/v2\/pages\/5953\/revisions"}],"wp:attachment":[{"href":"https:\/\/www.escolasabelheira.com\/index.php\/wp-json\/wp\/v2\/media?parent=5953"}],"curies":[{"name":"wp","href":"https:\/\/api.w.org\/{rel}","templated":true}]}}

<div class="wp-block-image">
<figure class="aligncenter size-full"><img decoding="async" width="380" height="133" data-src="https://www.escolasabelheira.com/wp-content/uploads/2025/11/Logo.png" alt="" class="wp-image-5950 lazyload" data-srcset="https://www.escolasabelheira.com/wp-content/uploads/2025/11/Logo.png 380w, https://www.escolasabelheira.com/wp-content/uploads/2025/11/Logo-300x105.png 300w" data-sizes="(max-width: 380px) 100vw, 380px" src="data:image/svg+xml;base64,PHN2ZyB3aWR0aD0iMSIgaGVpZ2h0PSIxIiB4bWxucz0iaHR0cDovL3d3dy53My5vcmcvMjAwMC9zdmciPjwvc3ZnPg==" style="--smush-placeholder-width: 380px; --smush-placeholder-aspect-ratio: 380/133;" /></figure>
</div>


<p></p>



<p class="has-text-align-center"><strong>O projeto Ler Fora da Escola nos nossos Jardins de Infância</strong></p>



<figure class="wp-block-video"><video height="1080" style="aspect-ratio: 1920 / 1080;" width="1920" controls src="https://www.escolasabelheira.com/wp-content/uploads/2026/02/As-criancas-os-Pais-e-Encarregados-de-Educacao-e-as-educadoras-dos-nossos-Jardins-de-Infancia-continuam-a-presentear-nos-com-belissimos-trabalhos-realizados-em-casa-apos-a-leitura-em-casa.mp4"></video><figcaption class="wp-element-caption">As crianças, os Pais e Encarregados de Educação e as educadoras dos nossos Jardins de Infância continuam a presentear-nos com belíssimos trabalhos realizados em casa, após a leitura em casa.</figcaption></figure>



<p></p>



<p>Alguns trabalhos realizados pelas crianças do JI N.º 1 da Abelheira, em casa, após a leitura e exploração de um livro com os respetivos Encarregados de Educação.</p>



<p>Parabéns!</p>



<figure class="wp-block-image size-large"><img decoding="async" width="1024" height="819" data-src="https://www.escolasabelheira.com/wp-content/uploads/2026/01/Montagem-de-Fotos-Minimalista-Verde-Pastel-1024x819.png" alt="" class="wp-image-6141 lazyload" data-srcset="https://www.escolasabelheira.com/wp-content/uploads/2026/01/Montagem-de-Fotos-Minimalista-Verde-Pastel-1024x819.png 1024w, https://www.escolasabelheira.com/wp-content/uploads/2026/01/Montagem-de-Fotos-Minimalista-Verde-Pastel-300x240.png 300w, https://www.escolasabelheira.com/wp-content/uploads/2026/01/Montagem-de-Fotos-Minimalista-Verde-Pastel-768x614.png 768w, https://www.escolasabelheira.com/wp-content/uploads/2026/01/Montagem-de-Fotos-Minimalista-Verde-Pastel-1536x1229.png 1536w, https://www.escolasabelheira.com/wp-content/uploads/2026/01/Montagem-de-Fotos-Minimalista-Verde-Pastel.png 2000w" data-sizes="(max-width: 1024px) 100vw, 1024px" src="data:image/svg+xml;base64,PHN2ZyB3aWR0aD0iMSIgaGVpZ2h0PSIxIiB4bWxucz0iaHR0cDovL3d3dy53My5vcmcvMjAwMC9zdmciPjwvc3ZnPg==" style="--smush-placeholder-width: 1024px; --smush-placeholder-aspect-ratio: 1024/819;" /></figure>



<p class="has-text-align-center">Apresentação / divulgação do Projeto nas EB1 e Jardins de Infância</p>



<p></p>



<p class="has-text-align-center has-large-font-size"><a href="https://aeabelheira-my.sharepoint.com/personal/isabelpita_aeabelheira_edu_pt/_layouts/15/stream.aspx?id=%2Fpersonal%2Fisabelpita%5Faeabelheira%5Fedu%5Fpt%2FDocuments%2FF%20LER%20fora%20da%20escola%202025%20%2D%202026%20%2D%20APRESENTA%C3%87%C3%83O%20ESCOLAS%20%281%29%2Emp4&amp;ga=1&amp;referrer=StreamWebApp%2EWeb&amp;referrerScenario=AddressBarCopied%2Eview%2Ec3e0ace1%2Dfb44%2D47f5%2Dab33%2D5a140f57e032" target="_blank" rel="noreferrer noopener"><strong>Veja aqui!</strong></a></p>



<p></p>



<figure class="wp-block-image size-large"><img decoding="async" width="1024" height="564" data-src="https://www.escolasabelheira.com/wp-content/uploads/2025/11/Foto-de-capa-1024x564.jpg" alt="" class="wp-image-5956 lazyload" data-srcset="https://www.escolasabelheira.com/wp-content/uploads/2025/11/Foto-de-capa-1024x564.jpg 1024w, https://www.escolasabelheira.com/wp-content/uploads/2025/11/Foto-de-capa-300x165.jpg 300w, https://www.escolasabelheira.com/wp-content/uploads/2025/11/Foto-de-capa-768x423.jpg 768w, https://www.escolasabelheira.com/wp-content/uploads/2025/11/Foto-de-capa.jpg 1208w" data-sizes="(max-width: 1024px) 100vw, 1024px" src="data:image/svg+xml;base64,PHN2ZyB3aWR0aD0iMSIgaGVpZ2h0PSIxIiB4bWxucz0iaHR0cDovL3d3dy53My5vcmcvMjAwMC9zdmciPjwvc3ZnPg==" style="--smush-placeholder-width: 1024px; --smush-placeholder-aspect-ratio: 1024/564;" /></figure>



<p></p>



<p></p>



<p class="has-medium-font-size">Agradecemos o excelente nível de participação de todos os envolvidos: docentes, alunos e encarregados de educação!</p>



<figure class="wp-block-image size-large"><img decoding="async" width="819" height="1024" data-src="https://www.escolasabelheira.com/wp-content/uploads/2025/11/Foto-1-819x1024.jpg" alt="" class="wp-image-5957 lazyload" data-srcset="https://www.escolasabelheira.com/wp-content/uploads/2025/11/Foto-1-819x1024.jpg 819w, https://www.escolasabelheira.com/wp-content/uploads/2025/11/Foto-1-240x300.jpg 240w, https://www.escolasabelheira.com/wp-content/uploads/2025/11/Foto-1-768x960.jpg 768w, https://www.escolasabelheira.com/wp-content/uploads/2025/11/Foto-1.jpg 1080w" data-sizes="(max-width: 819px) 100vw, 819px" src="data:image/svg+xml;base64,PHN2ZyB3aWR0aD0iMSIgaGVpZ2h0PSIxIiB4bWxucz0iaHR0cDovL3d3dy53My5vcmcvMjAwMC9zdmciPjwvc3ZnPg==" style="--smush-placeholder-width: 819px; --smush-placeholder-aspect-ratio: 819/1024;" /></figure>



<p></p>



<p class="has-text-align-center has-large-font-size"><strong>Trabalho realizado com as famílias</strong></p>



<p class="has-text-align-center has-colibri-color-3-color has-text-color has-link-color has-medium-font-size wp-elements-dbc4977088bca1100fb586db761259c5"><a href="https://www.canva.com/design/DAG5QbnJvU8/Bj4UPtuyQkmKnPW0Z5Ycbg/view" target="_blank" rel="noreferrer noopener">Apresentação dos Trabalhos</a></p>



<p></p>

<p>O projeto Ler Fora da Escola nos nossos Jardins de Infância Alguns trabalhos realizados pelas crianças do JI N.º 1 da Abelheira, em casa, após a leitura e exploração de um livro com os respetivos Encarregados de Educação. Parabéns! Apresentação / divulgação do Projeto nas EB1 e Jardins de Infância Veja aqui! Agradecemos o excelente [&hellip;]</p>
