{"id":5057,"date":"2025-07-21T15:26:51","date_gmt":"2025-07-21T15:26:51","guid":{"rendered":"https:\/\/www.escolasabelheira.com\/?page_id=5057"},"modified":"2026-04-23T14:37:47","modified_gmt":"2026-04-23T14:37:47","slug":"oferta-de-emprego","status":"publish","type":"page","link":"https:\/\/www.escolasabelheira.com\/index.php\/oferta-de-emprego\/","title":{"rendered":"Oferta de emprego"},"content":{"rendered":"\n<p class=\"has-text-align-left has-large-font-size\">CONTRATA\u00c7\u00c3O DE ESCOLA &#8211; 2025\/2026<\/p>\n\n\n\n<p class=\"has-small-font-size\">Data de atualiza\u00e7\u00e3o:  04 de mar\u00e7o de 2026<\/p>\n\n\n\n<p><strong>Oferta de Escola (H40) &#8211; GR 400 &#8211; Hist\u00f3ria (5h\/semana)<\/strong><\/p>\n\n\n\n<ul id=\"block-9e083726-f563-4b65-be28-03a19c404ea2\" class=\"wp-block-list\">\n<li><a href=\"https:\/\/www.escolasabelheira.com\/wp-content\/uploads\/2026\/04\/Av_CE_09_GR400.pdf\" data-type=\"attachment\" data-id=\"6412\" target=\"_blank\" rel=\"noreferrer noopener\">Aviso\/Publicita\u00e7\u00e3o da oferta<\/a><\/li>\n\n\n\n<li><a href=\"https:\/\/www.escolasabelheira.com\/wp-content\/uploads\/2026\/04\/ListaOrdenada_ContrataEscola40_GR400.pdf\" data-type=\"attachment\" data-id=\"6411\" target=\"_blank\" rel=\"noreferrer noopener\">ListaOrdenadaGR400<\/a><\/li>\n<\/ul>\n\n\n\n<p><\/p>\n\n\n\n<ul class=\"wp-block-list\">\n<li><strong>Oferta de Escola (H38) &#8211; GR 910 &#8211; Educa\u00e7\u00e3o Especial &#8211; 9h\/semana<\/strong>\n<ul class=\"wp-block-list\">\n<li><a href=\"https:\/\/www.escolasabelheira.com\/wp-content\/uploads\/2026\/02\/Av_CE_08_GR910.pdf\" data-type=\"attachment\" data-id=\"6270\" target=\"_blank\" rel=\"noreferrer noopener\">Aviso\/Publicita\u00e7\u00e3o da oferta<\/a><\/li>\n\n\n\n<li><a href=\"https:\/\/www.escolasabelheira.com\/wp-content\/uploads\/2026\/03\/ListaOrdenada_ContrataEscola38_GR910.pdf\" data-type=\"attachment\" data-id=\"6288\" target=\"_blank\" rel=\"noreferrer noopener\">Lista Ordenada<\/a> <\/li>\n<\/ul>\n<\/li>\n<\/ul>\n\n\n\n<p><\/p>\n\n\n\n<p><strong>Oferta de Escola (H37) &#8211; GR 100 &#8211; Educa\u00e7\u00e3o Pr\u00e9-escolar &#8211; 20h\/semana<\/strong><\/p>\n\n\n\n<ul class=\"wp-block-list\">\n<li><a href=\"https:\/\/www.escolasabelheira.com\/wp-content\/uploads\/2026\/02\/Av_CE_07_GR100.pdf\" data-type=\"attachment\" data-id=\"6269\" target=\"_blank\" rel=\"noreferrer noopener\">Aviso\/Publicita\u00e7\u00e3o da oferta<\/a><\/li>\n\n\n\n<li><a href=\"https:\/\/www.escolasabelheira.com\/wp-content\/uploads\/2026\/03\/ListaOrdenada_ContrataEscola37_GR100.pdf\" data-type=\"attachment\" data-id=\"6287\" target=\"_blank\" rel=\"noreferrer noopener\">Lista Ordenada<\/a> <\/li>\n<\/ul>\n\n\n\n<p><\/p>\n\n\n\n<ul class=\"wp-block-list\">\n<li><strong>Oferta de Escola (H36) &#8211; GR 100 &#8211; Educa\u00e7\u00e3o Pr\u00e9-escolar &#8211; 20h\/semana<\/strong>\n<ul class=\"wp-block-list\">\n<li><a href=\"https:\/\/www.escolasabelheira.com\/wp-content\/uploads\/2026\/02\/Av_CE_06_GR100.pdf\" data-type=\"attachment\" data-id=\"6268\" target=\"_blank\" rel=\"noreferrer noopener\">Aviso\/Publicita\u00e7\u00e3o da oferta<\/a><\/li>\n\n\n\n<li><a href=\"https:\/\/www.escolasabelheira.com\/wp-content\/uploads\/2026\/03\/ListaOrdenada_ContrataEscola36_GR100.pdf\" data-type=\"attachment\" data-id=\"6289\" target=\"_blank\" rel=\"noreferrer noopener\">Lista Ordenada<\/a> <\/li>\n<\/ul>\n<\/li>\n<\/ul>\n\n\n\n<p><\/p>\n\n\n\n<ul class=\"wp-block-list\">\n<li><strong>Oferta de Escola (H34) &#8211; GR 240 &#8211; Educa\u00e7\u00e3o Visual e Tecnol\u00f3gica &#8211; 14h\/semana<\/strong>\n<ul class=\"wp-block-list\">\n<li><a href=\"https:\/\/www.escolasabelheira.com\/wp-content\/uploads\/2026\/01\/Aviso_CE_05_GR240.pdf\" data-type=\"attachment\" data-id=\"6217\" target=\"_blank\" rel=\"noreferrer noopener\">Aviso\/Publicita\u00e7\u00e3o da oferta<\/a><\/li>\n\n\n\n<li><a href=\"https:\/\/www.escolasabelheira.com\/wp-content\/uploads\/2026\/02\/ListaGraduada_ContrataEscola_GR240.pdf\" data-type=\"attachment\" data-id=\"6223\" target=\"_blank\" rel=\"noreferrer noopener\">ListaOrdenadaGR240<\/a><\/li>\n<\/ul>\n<\/li>\n<\/ul>\n\n\n\n<ul class=\"wp-block-list\">\n<li><strong>Oferta de Escola (H32) &#8211; GR 100 &#8211; Educa\u00e7\u00e3o Pr\u00e9-Escolar &#8211; 20h\/semana<\/strong>\n<ul class=\"wp-block-list\">\n<li><a href=\"https:\/\/www.escolasabelheira.com\/wp-content\/uploads\/2026\/01\/Av_CE_04_GR100.pdf\" data-type=\"attachment\" data-id=\"6143\" target=\"_blank\" rel=\"noreferrer noopener\">Aviso\/Publicita\u00e7\u00e3o da oferta<\/a><\/li>\n\n\n\n<li><a href=\"https:\/\/www.escolasabelheira.com\/wp-content\/uploads\/2026\/01\/ListaOrdenadaGR100.pdf\" target=\"_blank\" rel=\"noreferrer noopener\">ListaOrdenadaGR100<\/a><\/li>\n<\/ul>\n<\/li>\n<\/ul>\n\n\n\n<p><\/p>\n\n\n\n<ul class=\"wp-block-list\">\n<li><strong>Oferta de Escola (H30) &#8211; GR 930 &#8211; Educa\u00e7\u00e3o Especial &#8211; 22h\/semana<\/strong>\n<ul class=\"wp-block-list\">\n<li class=\"has-medium-font-size\"><a href=\"https:\/\/www.escolasabelheira.com\/wp-content\/uploads\/2025\/11\/Av_CE_03_GR930_22h.pdf\" data-type=\"attachment\" data-id=\"5698\" target=\"_blank\" rel=\"noreferrer noopener\">Aviso\/Publicita\u00e7\u00e3o da oferta<\/a><\/li>\n\n\n\n<li><a href=\"https:\/\/www.escolasabelheira.com\/wp-content\/uploads\/2025\/11\/ListaOrdGR930.pdf\" target=\"_blank\" rel=\"noreferrer noopener\">Lista Ordenada GR 930<\/a><\/li>\n<\/ul>\n<\/li>\n<\/ul>\n\n\n\n<ul class=\"wp-block-list\">\n<li><strong>Contrata\u00e7\u00e3o de T\u00e9cnico(a) Especializado(a) \u2013 Psic\u00f3logo (a)<\/strong> &#8211; Hor\u00e1rio de 35 horas\/semana (H17)\n<ul class=\"wp-block-list\">\n<li class=\"has-medium-font-size\"><a href=\"https:\/\/www.escolasabelheira.com\/wp-content\/uploads\/2025\/10\/CriteriosSelecaoPsicologo35H.pdf\" data-type=\"attachment\" data-id=\"5624\" target=\"_blank\" rel=\"noreferrer noopener\">Aviso\/Publicita\u00e7\u00e3o da oferta<\/a> (alterado o n\u00ba 2 do Aviso)<\/li>\n\n\n\n<li><a href=\"https:\/\/www.escolasabelheira.com\/wp-content\/uploads\/2025\/11\/Lista_candidatos_admitidos_H17.pdf\" target=\"_blank\" rel=\"noreferrer noopener\">Lista_candidatos_admitidos_H17<\/a><\/li>\n\n\n\n<li><a href=\"https:\/\/www.escolasabelheira.com\/wp-content\/uploads\/2025\/11\/Convocatoria_Entrevista_psicologa_H17-35horas_pdf.pdf\" target=\"_blank\" rel=\"noreferrer noopener\">Convocatoria_Entrevista_psicologa_H17-35horas<\/a><\/li>\n\n\n\n<li><a href=\"https:\/\/www.escolasabelheira.com\/wp-content\/uploads\/2025\/11\/Lista_ordenada_psi_H17_Abelheira_25-26-002.pdf\" target=\"_blank\" rel=\"noreferrer noopener\">Lista_ordenada_psicologa_H17<\/a><\/li>\n\n\n\n<li><a href=\"https:\/\/www.escolasabelheira.com\/wp-content\/uploads\/2025\/11\/ListaHomologada_h17-2.pdf\" target=\"_blank\" rel=\"noreferrer noopener\">ListaHomologada_h17<\/a><\/li>\n<\/ul>\n<\/li>\n<\/ul>\n\n\n\n<ul class=\"wp-block-list\">\n<li><strong>Contrata\u00e7\u00e3o de T\u00e9cnico(a) Especializado(a) \u2013 Psic\u00f3logo (a)<\/strong> &#8211;  Hor\u00e1rio de 18 horas\/semana (H16)\n<ul class=\"wp-block-list\">\n<li class=\"has-medium-font-size\"><a href=\"https:\/\/www.escolasabelheira.com\/wp-content\/uploads\/2025\/10\/CristeriosSelecaoPsicologo18H.pdf\" data-type=\"attachment\" data-id=\"5614\" target=\"_blank\" rel=\"noreferrer noopener\">Aviso\/Publicita\u00e7\u00e3o da oferta<\/a><\/li>\n\n\n\n<li><a href=\"https:\/\/www.escolasabelheira.com\/wp-content\/uploads\/2025\/11\/Lista_candidatos_admitidos_H16.pdf\" target=\"_blank\" rel=\"noreferrer noopener\">Lista_candidatos_admitidos_H16<\/a><\/li>\n\n\n\n<li><a href=\"https:\/\/www.escolasabelheira.com\/wp-content\/uploads\/2025\/11\/Convocatoria_Entrevista_psicologa_H16-18horas_pdf.pdf\" target=\"_blank\" rel=\"noreferrer noopener\">Convocatoria_Entrevista_psicologa_H16-18horas<\/a><\/li>\n\n\n\n<li><a href=\"https:\/\/www.escolasabelheira.com\/wp-content\/uploads\/2025\/11\/Lista_ordenada_psi_H16_Abelheira_25-26-002.pdf\" target=\"_blank\" rel=\"noreferrer noopener\">Lista_ordenada_psicologa_H16<\/a><\/li>\n\n\n\n<li><a href=\"https:\/\/www.escolasabelheira.com\/wp-content\/uploads\/2025\/11\/ListaHomologada_H16.pdf\" target=\"_blank\" rel=\"noreferrer noopener\">ListaHomologada_H16<\/a><\/li>\n<\/ul>\n<\/li>\n<\/ul>\n\n\n\n<ul class=\"wp-block-list\">\n<li><strong>Oferta de Escola (H27) &#8211; GR 600 &#8211; Educa\u00e7\u00e3o Visual &#8211; 14h\/semana<\/strong>\n<ul class=\"wp-block-list\">\n<li class=\"has-medium-font-size\"><a href=\"https:\/\/www.escolasabelheira.com\/wp-content\/uploads\/2025\/10\/Av_CE_02_GR600_14h.pdf\" data-type=\"attachment\" data-id=\"5515\">Aviso\/Publicita\u00e7\u00e3o da oferta<\/a><\/li>\n\n\n\n<li><a href=\"https:\/\/www.escolasabelheira.com\/wp-content\/uploads\/2025\/10\/ListaGraduada_ContrataEscola_GR600.pdf\" data-type=\"attachment\" data-id=\"5613\" target=\"_blank\" rel=\"noreferrer noopener\">Lista Ordenada<\/a><\/li>\n<\/ul>\n<\/li>\n<\/ul>\n\n\n\n<p><\/p>\n\n\n\n<ul class=\"wp-block-list\">\n<li><strong>Contrata\u00e7\u00e3o de T\u00e9cnico Especializado para o Centro de Forma\u00e7\u00e3o da Associa\u00e7\u00e3o de Escolas de Viana do Castelo<\/strong>\n<ul class=\"wp-block-list\">\n<li class=\"has-medium-font-size\"><a href=\"https:\/\/www.escolasabelheira.com\/wp-content\/uploads\/2025\/09\/Aviso-TE-CFCVC-2025-2026.pdf\" target=\"_blank\" rel=\"noreferrer noopener\">Aviso\/Publicita\u00e7\u00e3o da oferta <\/a><\/li>\n<\/ul>\n<\/li>\n<\/ul>\n\n\n\n<ul class=\"wp-block-list\">\n<li><strong>Hor\u00e1rio de 5h\/semana &#8211; GR 100<\/strong>\n<ul class=\"wp-block-list\">\n<li class=\"has-medium-font-size\"><a href=\"https:\/\/www.escolasabelheira.com\/wp-content\/uploads\/2025\/09\/Av_CE_01_GR100.pdf\" data-type=\"attachment\" data-id=\"5374\">Aviso\/Publicita\u00e7\u00e3o da oferta<\/a><\/li>\n\n\n\n<li><a href=\"https:\/\/www.escolasabelheira.com\/wp-content\/uploads\/2025\/09\/ListaContrataEscola_GR100_5h.pdf\" data-type=\"attachment\" data-id=\"5413\">Lista Ordenada<\/a><\/li>\n<\/ul>\n<\/li>\n<\/ul>\n\n\n\n<ul class=\"wp-block-list\">\n<li><strong>Contrata\u00e7\u00e3o de T\u00e9cnico(a) Especializado(a) &#8211; Mediador(a) Lingu\u00edstico(a) e Cultural (Hor\u00e1rio 18h\/semana) <\/strong>\n<ul class=\"wp-block-list\">\n<li class=\"has-medium-font-size\"><a href=\"https:\/\/www.escolasabelheira.com\/wp-content\/uploads\/2025\/09\/CristeriosSelecaoMediadorLinguistico.pdf\">Aviso\/Publicita\u00e7\u00e3o da oferta<\/a><\/li>\n\n\n\n<li><a href=\"https:\/\/www.escolasabelheira.com\/wp-content\/uploads\/2025\/09\/Lista_Admitidos_Entrevista_Mediadora_18-9-25.pdf\">Lista de Candidatos Admitidos<\/a><\/li>\n\n\n\n<li><a href=\"https:\/\/www.escolasabelheira.com\/wp-content\/uploads\/2025\/09\/ListaOrdenadaFinalMediacaoLinguistica.pdf\" data-type=\"attachment\" data-id=\"5455\">Lista de Ordena\u00e7\u00e3o Final<\/a><\/li>\n<\/ul>\n<\/li>\n<\/ul>\n\n\n\n<p><\/p>\n","protected":false},"excerpt":{"rendered":"<p>CONTRATA\u00c7\u00c3O DE ESCOLA &#8211; 2025\/2026 Data de atualiza\u00e7\u00e3o: 04 de mar\u00e7o de 2026 Oferta de Escola (H40) &#8211; GR 400 &#8211; Hist\u00f3ria (5h\/semana) Oferta de Escola (H37) &#8211; GR 100 &#8211; Educa\u00e7\u00e3o Pr\u00e9-escolar &#8211; 20h\/semana<\/p>\n","protected":false},"author":1,"featured_media":0,"parent":0,"menu_order":0,"comment_status":"closed","ping_status":"closed","template":"","meta":{"footnotes":"","_links_to":"","_links_to_target":""},"class_list":["post-5057","page","type-page","status-publish","hentry"],"_links":{"self":[{"href":"https:\/\/www.escolasabelheira.com\/index.php\/wp-json\/wp\/v2\/pages\/5057","targetHints":{"allow":["GET"]}}],"collection":[{"href":"https:\/\/www.escolasabelheira.com\/index.php\/wp-json\/wp\/v2\/pages"}],"about":[{"href":"https:\/\/www.escolasabelheira.com\/index.php\/wp-json\/wp\/v2\/types\/page"}],"author":[{"embeddable":true,"href":"https:\/\/www.escolasabelheira.com\/index.php\/wp-json\/wp\/v2\/users\/1"}],"replies":[{"embeddable":true,"href":"https:\/\/www.escolasabelheira.com\/index.php\/wp-json\/wp\/v2\/comments?post=5057"}],"version-history":[{"count":0,"href":"https:\/\/www.escolasabelheira.com\/index.php\/wp-json\/wp\/v2\/pages\/5057\/revisions"}],"wp:attachment":[{"href":"https:\/\/www.escolasabelheira.com\/index.php\/wp-json\/wp\/v2\/media?parent=5057"}],"curies":[{"name":"wp","href":"https:\/\/api.w.org\/{rel}","templated":true}]}}

<p class="has-text-align-left has-large-font-size">CONTRATAÇÃO DE ESCOLA &#8211; 2025/2026</p>



<p class="has-small-font-size">Data de atualização:  04 de março de 2026</p>



<p><strong>Oferta de Escola (H40) &#8211; GR 400 &#8211; História (5h/semana)</strong></p>



<ul id="block-9e083726-f563-4b65-be28-03a19c404ea2" class="wp-block-list">
<li><a href="https://www.escolasabelheira.com/wp-content/uploads/2026/04/Av_CE_09_GR400.pdf" data-type="attachment" data-id="6412" target="_blank" rel="noreferrer noopener">Aviso/Publicitação da oferta</a></li>



<li><a href="https://www.escolasabelheira.com/wp-content/uploads/2026/04/ListaOrdenada_ContrataEscola40_GR400.pdf" data-type="attachment" data-id="6411" target="_blank" rel="noreferrer noopener">ListaOrdenadaGR400</a></li>
</ul>



<p></p>



<ul class="wp-block-list">
<li><strong>Oferta de Escola (H38) &#8211; GR 910 &#8211; Educação Especial &#8211; 9h/semana</strong>
<ul class="wp-block-list">
<li><a href="https://www.escolasabelheira.com/wp-content/uploads/2026/02/Av_CE_08_GR910.pdf" data-type="attachment" data-id="6270" target="_blank" rel="noreferrer noopener">Aviso/Publicitação da oferta</a></li>



<li><a href="https://www.escolasabelheira.com/wp-content/uploads/2026/03/ListaOrdenada_ContrataEscola38_GR910.pdf" data-type="attachment" data-id="6288" target="_blank" rel="noreferrer noopener">Lista Ordenada</a> </li>
</ul>
</li>
</ul>



<p></p>



<p><strong>Oferta de Escola (H37) &#8211; GR 100 &#8211; Educação Pré-escolar &#8211; 20h/semana</strong></p>



<ul class="wp-block-list">
<li><a href="https://www.escolasabelheira.com/wp-content/uploads/2026/02/Av_CE_07_GR100.pdf" data-type="attachment" data-id="6269" target="_blank" rel="noreferrer noopener">Aviso/Publicitação da oferta</a></li>



<li><a href="https://www.escolasabelheira.com/wp-content/uploads/2026/03/ListaOrdenada_ContrataEscola37_GR100.pdf" data-type="attachment" data-id="6287" target="_blank" rel="noreferrer noopener">Lista Ordenada</a> </li>
</ul>



<p></p>



<ul class="wp-block-list">
<li><strong>Oferta de Escola (H36) &#8211; GR 100 &#8211; Educação Pré-escolar &#8211; 20h/semana</strong>
<ul class="wp-block-list">
<li><a href="https://www.escolasabelheira.com/wp-content/uploads/2026/02/Av_CE_06_GR100.pdf" data-type="attachment" data-id="6268" target="_blank" rel="noreferrer noopener">Aviso/Publicitação da oferta</a></li>



<li><a href="https://www.escolasabelheira.com/wp-content/uploads/2026/03/ListaOrdenada_ContrataEscola36_GR100.pdf" data-type="attachment" data-id="6289" target="_blank" rel="noreferrer noopener">Lista Ordenada</a> </li>
</ul>
</li>
</ul>



<p></p>



<ul class="wp-block-list">
<li><strong>Oferta de Escola (H34) &#8211; GR 240 &#8211; Educação Visual e Tecnológica &#8211; 14h/semana</strong>
<ul class="wp-block-list">
<li><a href="https://www.escolasabelheira.com/wp-content/uploads/2026/01/Aviso_CE_05_GR240.pdf" data-type="attachment" data-id="6217" target="_blank" rel="noreferrer noopener">Aviso/Publicitação da oferta</a></li>



<li><a href="https://www.escolasabelheira.com/wp-content/uploads/2026/02/ListaGraduada_ContrataEscola_GR240.pdf" data-type="attachment" data-id="6223" target="_blank" rel="noreferrer noopener">ListaOrdenadaGR240</a></li>
</ul>
</li>
</ul>



<ul class="wp-block-list">
<li><strong>Oferta de Escola (H32) &#8211; GR 100 &#8211; Educação Pré-Escolar &#8211; 20h/semana</strong>
<ul class="wp-block-list">
<li><a href="https://www.escolasabelheira.com/wp-content/uploads/2026/01/Av_CE_04_GR100.pdf" data-type="attachment" data-id="6143" target="_blank" rel="noreferrer noopener">Aviso/Publicitação da oferta</a></li>



<li><a href="https://www.escolasabelheira.com/wp-content/uploads/2026/01/ListaOrdenadaGR100.pdf" target="_blank" rel="noreferrer noopener">ListaOrdenadaGR100</a></li>
</ul>
</li>
</ul>



<p></p>



<ul class="wp-block-list">
<li><strong>Oferta de Escola (H30) &#8211; GR 930 &#8211; Educação Especial &#8211; 22h/semana</strong>
<ul class="wp-block-list">
<li class="has-medium-font-size"><a href="https://www.escolasabelheira.com/wp-content/uploads/2025/11/Av_CE_03_GR930_22h.pdf" data-type="attachment" data-id="5698" target="_blank" rel="noreferrer noopener">Aviso/Publicitação da oferta</a></li>



<li><a href="https://www.escolasabelheira.com/wp-content/uploads/2025/11/ListaOrdGR930.pdf" target="_blank" rel="noreferrer noopener">Lista Ordenada GR 930</a></li>
</ul>
</li>
</ul>



<ul class="wp-block-list">
<li><strong>Contratação de Técnico(a) Especializado(a) – Psicólogo (a)</strong> &#8211; Horário de 35 horas/semana (H17)
<ul class="wp-block-list">
<li class="has-medium-font-size"><a href="https://www.escolasabelheira.com/wp-content/uploads/2025/10/CriteriosSelecaoPsicologo35H.pdf" data-type="attachment" data-id="5624" target="_blank" rel="noreferrer noopener">Aviso/Publicitação da oferta</a> (alterado o nº 2 do Aviso)</li>



<li><a href="https://www.escolasabelheira.com/wp-content/uploads/2025/11/Lista_candidatos_admitidos_H17.pdf" target="_blank" rel="noreferrer noopener">Lista_candidatos_admitidos_H17</a></li>



<li><a href="https://www.escolasabelheira.com/wp-content/uploads/2025/11/Convocatoria_Entrevista_psicologa_H17-35horas_pdf.pdf" target="_blank" rel="noreferrer noopener">Convocatoria_Entrevista_psicologa_H17-35horas</a></li>



<li><a href="https://www.escolasabelheira.com/wp-content/uploads/2025/11/Lista_ordenada_psi_H17_Abelheira_25-26-002.pdf" target="_blank" rel="noreferrer noopener">Lista_ordenada_psicologa_H17</a></li>



<li><a href="https://www.escolasabelheira.com/wp-content/uploads/2025/11/ListaHomologada_h17-2.pdf" target="_blank" rel="noreferrer noopener">ListaHomologada_h17</a></li>
</ul>
</li>
</ul>



<ul class="wp-block-list">
<li><strong>Contratação de Técnico(a) Especializado(a) – Psicólogo (a)</strong> &#8211;  Horário de 18 horas/semana (H16)
<ul class="wp-block-list">
<li class="has-medium-font-size"><a href="https://www.escolasabelheira.com/wp-content/uploads/2025/10/CristeriosSelecaoPsicologo18H.pdf" data-type="attachment" data-id="5614" target="_blank" rel="noreferrer noopener">Aviso/Publicitação da oferta</a></li>



<li><a href="https://www.escolasabelheira.com/wp-content/uploads/2025/11/Lista_candidatos_admitidos_H16.pdf" target="_blank" rel="noreferrer noopener">Lista_candidatos_admitidos_H16</a></li>



<li><a href="https://www.escolasabelheira.com/wp-content/uploads/2025/11/Convocatoria_Entrevista_psicologa_H16-18horas_pdf.pdf" target="_blank" rel="noreferrer noopener">Convocatoria_Entrevista_psicologa_H16-18horas</a></li>



<li><a href="https://www.escolasabelheira.com/wp-content/uploads/2025/11/Lista_ordenada_psi_H16_Abelheira_25-26-002.pdf" target="_blank" rel="noreferrer noopener">Lista_ordenada_psicologa_H16</a></li>



<li><a href="https://www.escolasabelheira.com/wp-content/uploads/2025/11/ListaHomologada_H16.pdf" target="_blank" rel="noreferrer noopener">ListaHomologada_H16</a></li>
</ul>
</li>
</ul>



<ul class="wp-block-list">
<li><strong>Oferta de Escola (H27) &#8211; GR 600 &#8211; Educação Visual &#8211; 14h/semana</strong>
<ul class="wp-block-list">
<li class="has-medium-font-size"><a href="https://www.escolasabelheira.com/wp-content/uploads/2025/10/Av_CE_02_GR600_14h.pdf" data-type="attachment" data-id="5515">Aviso/Publicitação da oferta</a></li>



<li><a href="https://www.escolasabelheira.com/wp-content/uploads/2025/10/ListaGraduada_ContrataEscola_GR600.pdf" data-type="attachment" data-id="5613" target="_blank" rel="noreferrer noopener">Lista Ordenada</a></li>
</ul>
</li>
</ul>



<p></p>



<ul class="wp-block-list">
<li><strong>Contratação de Técnico Especializado para o Centro de Formação da Associação de Escolas de Viana do Castelo</strong>
<ul class="wp-block-list">
<li class="has-medium-font-size"><a href="https://www.escolasabelheira.com/wp-content/uploads/2025/09/Aviso-TE-CFCVC-2025-2026.pdf" target="_blank" rel="noreferrer noopener">Aviso/Publicitação da oferta </a></li>
</ul>
</li>
</ul>



<ul class="wp-block-list">
<li><strong>Horário de 5h/semana &#8211; GR 100</strong>
<ul class="wp-block-list">
<li class="has-medium-font-size"><a href="https://www.escolasabelheira.com/wp-content/uploads/2025/09/Av_CE_01_GR100.pdf" data-type="attachment" data-id="5374">Aviso/Publicitação da oferta</a></li>



<li><a href="https://www.escolasabelheira.com/wp-content/uploads/2025/09/ListaContrataEscola_GR100_5h.pdf" data-type="attachment" data-id="5413">Lista Ordenada</a></li>
</ul>
</li>
</ul>



<ul class="wp-block-list">
<li><strong>Contratação de Técnico(a) Especializado(a) &#8211; Mediador(a) Linguístico(a) e Cultural (Horário 18h/semana) </strong>
<ul class="wp-block-list">
<li class="has-medium-font-size"><a href="https://www.escolasabelheira.com/wp-content/uploads/2025/09/CristeriosSelecaoMediadorLinguistico.pdf">Aviso/Publicitação da oferta</a></li>



<li><a href="https://www.escolasabelheira.com/wp-content/uploads/2025/09/Lista_Admitidos_Entrevista_Mediadora_18-9-25.pdf">Lista de Candidatos Admitidos</a></li>



<li><a href="https://www.escolasabelheira.com/wp-content/uploads/2025/09/ListaOrdenadaFinalMediacaoLinguistica.pdf" data-type="attachment" data-id="5455">Lista de Ordenação Final</a></li>
</ul>
</li>
</ul>



<p></p>

<p>CONTRATAÇÃO DE ESCOLA &#8211; 2025/2026 Data de atualização: 04 de março de 2026 Oferta de Escola (H40) &#8211; GR 400 &#8211; História (5h/semana) Oferta de Escola (H37) &#8211; GR 100 &#8211; Educação Pré-escolar &#8211; 20h/semana</p>
