{"id":3720,"date":"2025-04-13T22:37:52","date_gmt":"2025-04-13T22:37:52","guid":{"rendered":"https:\/\/www.escolasabelheira.com\/?page_id=3720"},"modified":"2025-05-08T22:37:43","modified_gmt":"2025-05-08T22:37:43","slug":"acao-social-escolar","status":"publish","type":"page","link":"https:\/\/www.escolasabelheira.com\/index.php\/acao-social-escolar\/","title":{"rendered":"A\u00e7\u00e3o Social Escolar"},"content":{"rendered":"\n<p class=\"has-medium-font-size\"><strong>PRAZOS DE CANDIDATURA<\/strong><\/p>\n\n\n\n<div data-wp-interactive=\"core\/file\" class=\"wp-block-file\"><object data-wp-bind--hidden=\"!state.hasPdfPreview\" hidden class=\"wp-block-file__embed\" data=\"https:\/\/www.escolasabelheira.com\/wp-content\/uploads\/2025\/05\/ACAO-SOCIAL-ESCOLAR-1.pdf\" type=\"application\/pdf\" style=\"width:100%;height:600px\" aria-label=\"Incorpora\u00e7\u00e3o de A\u00c7\u00c3O SOCIAL ESCOLAR.\"><\/object><a id=\"wp-block-file--media-b81fdf07-4557-4394-9399-8b468d4f73d4\" href=\"https:\/\/www.escolasabelheira.com\/wp-content\/uploads\/2025\/05\/ACAO-SOCIAL-ESCOLAR-1.pdf\" target=\"_blank\" rel=\"noreferrer noopener\">A\u00c7\u00c3O SOCIAL ESCOLAR<\/a><\/div>\n","protected":false},"excerpt":{"rendered":"<p>PRAZOS DE CANDIDATURA<\/p>\n","protected":false},"author":1,"featured_media":4479,"parent":0,"menu_order":0,"comment_status":"closed","ping_status":"closed","template":"","meta":{"footnotes":"","_links_to":"","_links_to_target":""},"class_list":["post-3720","page","type-page","status-publish","has-post-thumbnail","hentry"],"_links":{"self":[{"href":"https:\/\/www.escolasabelheira.com\/index.php\/wp-json\/wp\/v2\/pages\/3720","targetHints":{"allow":["GET"]}}],"collection":[{"href":"https:\/\/www.escolasabelheira.com\/index.php\/wp-json\/wp\/v2\/pages"}],"about":[{"href":"https:\/\/www.escolasabelheira.com\/index.php\/wp-json\/wp\/v2\/types\/page"}],"author":[{"embeddable":true,"href":"https:\/\/www.escolasabelheira.com\/index.php\/wp-json\/wp\/v2\/users\/1"}],"replies":[{"embeddable":true,"href":"https:\/\/www.escolasabelheira.com\/index.php\/wp-json\/wp\/v2\/comments?post=3720"}],"version-history":[{"count":0,"href":"https:\/\/www.escolasabelheira.com\/index.php\/wp-json\/wp\/v2\/pages\/3720\/revisions"}],"wp:featuredmedia":[{"embeddable":true,"href":"https:\/\/www.escolasabelheira.com\/index.php\/wp-json\/wp\/v2\/media\/4479"}],"wp:attachment":[{"href":"https:\/\/www.escolasabelheira.com\/index.php\/wp-json\/wp\/v2\/media?parent=3720"}],"curies":[{"name":"wp","href":"https:\/\/api.w.org\/{rel}","templated":true}]}}

Ação Social Escolar

<p class="has-medium-font-size"><strong>PRAZOS DE CANDIDATURA</strong></p>



<div data-wp-interactive="core/file" class="wp-block-file"><object data-wp-bind--hidden="!state.hasPdfPreview" hidden class="wp-block-file__embed" data="https://www.escolasabelheira.com/wp-content/uploads/2025/05/ACAO-SOCIAL-ESCOLAR-1.pdf" type="application/pdf" style="width:100%;height:600px" aria-label="Incorporação de AÇÃO SOCIAL ESCOLAR."></object><a id="wp-block-file--media-b81fdf07-4557-4394-9399-8b468d4f73d4" href="https://www.escolasabelheira.com/wp-content/uploads/2025/05/ACAO-SOCIAL-ESCOLAR-1.pdf" target="_blank" rel="noreferrer noopener">AÇÃO SOCIAL ESCOLAR</a></div>
