{"id":3718,"date":"2025-04-13T22:37:13","date_gmt":"2025-04-13T22:37:13","guid":{"rendered":"https:\/\/www.escolasabelheira.com\/?page_id=3718"},"modified":"2025-12-13T10:01:58","modified_gmt":"2025-12-13T10:01:58","slug":"associacoes-de-pais-e-ee","status":"publish","type":"page","link":"https:\/\/www.escolasabelheira.com\/index.php\/associacoes-de-pais-e-ee\/","title":{"rendered":"Associa\u00e7\u00f5es de Pais e Encarregados e Educa\u00e7\u00e3o"},"content":{"rendered":"\n<p class=\"has-text-align-left has-medium-font-size\"><strong><code><strong>Associa\u00e7\u00e3o de Pais e Encarregados de Educa\u00e7\u00e3o do Agrupamento de Escolas da Abelheira<\/strong><\/code><\/strong><\/p>\n\n\n\n<p>Presidente: S\u00f3nia Cristina Rosa da Rosa (<a href=\"mailto:presidente@apabelheira.pt\">presidente@apabelheira.pt<\/a>)<\/p>\n\n\n\n<p class=\"has-text-align-left has-medium-font-size\"><strong><code><strong>Associa\u00e7\u00e3o de Pais e Encarregados de Educa\u00e7\u00e3o do Jardim de Inf\u00e2ncia N. \u00ba1 de Viana do Castelo<\/strong><\/code><\/strong><\/p>\n\n\n\n<p>Presidente: Marco S\u00e9rgio da Silva Lima (<a href=\"mailto:paiscogumelo@gmail.com\">paiscogumelo@gmail.com<\/a>)<\/p>\n\n\n\n<p><\/p>\n\n\n\n<p class=\"has-text-align-left has-medium-font-size\"><strong><code><strong>Associa\u00e7\u00e3o de Pais e Encarregados de Educa\u00e7\u00e3o da<\/strong> <strong>EB1 da Abelheira<\/strong><\/code><\/strong><\/p>\n\n\n\n<p>Presidente: Teresa Lino (<a href=\"mailto:associacaodepais.eb1abelheira@gmail.com\">associacaodepais.eb1abelheira@gmail.com<\/a>)<\/p>\n\n\n\n<p><\/p>\n\n\n\n<p class=\"has-text-align-left has-medium-font-size\"><strong><code><strong>Associa\u00e7\u00e3o de Pais e Encarregados de Educa\u00e7\u00e3o da<\/strong> <strong>EB Igreja, Meadela (1.\u00ba ciclo)<\/strong><\/code><\/strong><\/p>\n\n\n\n<p><strong>Presidente:<\/strong> Joana Alves (<a href=\"mailto:jifalves31@gmail.com\">jifalves31@gmail.com<\/a>)<\/p>\n\n\n\n<p><\/p>\n\n\n\n<p class=\"has-text-align-left has-medium-font-size\"><strong><code><strong>Associa\u00e7\u00e3o de Pais e Encarregados de Educa\u00e7\u00e3o da<\/strong> <strong>EB Igreja, Meadela (JI)<\/strong><\/code><\/strong><\/p>\n\n\n\n<p><strong>Presidente:<\/strong> Ana Isabel Lima (<a href=\"mailto:apjimeadela@gmail.com\">apjimeadela@gmail.com<\/a>)<\/p>\n\n\n\n<p><\/p>\n\n\n\n<p class=\"has-text-align-left has-medium-font-size\"><strong><strong><code><strong>Associa\u00e7\u00e3o de Pais e Amigos da EB do Calv\u00e1rio <\/strong><\/code><\/strong><\/strong><\/p>\n\n\n\n<p><strong>Presidente: <\/strong>Liliana Andreia Dantas Sobreiro (<a href=\"mailto:apcalvario@hotmail.com\">apcalvario@hotmail.com<\/a>)<\/p>\n\n\n\n<p><\/p>\n","protected":false},"excerpt":{"rendered":"<p>Associa\u00e7\u00e3o de Pais e Encarregados de Educa\u00e7\u00e3o do Agrupamento de Escolas da Abelheira Presidente: S\u00f3nia Cristina Rosa da Rosa (presidente@apabelheira.pt) Associa\u00e7\u00e3o de Pais e Encarregados de Educa\u00e7\u00e3o do Jardim de Inf\u00e2ncia N. \u00ba1 de Viana do Castelo Presidente: Marco S\u00e9rgio da Silva Lima (paiscogumelo@gmail.com) Associa\u00e7\u00e3o de Pais e Encarregados de Educa\u00e7\u00e3o da EB1 da Abelheira [&hellip;]<\/p>\n","protected":false},"author":1,"featured_media":0,"parent":0,"menu_order":0,"comment_status":"closed","ping_status":"closed","template":"","meta":{"footnotes":"","_links_to":"","_links_to_target":""},"class_list":["post-3718","page","type-page","status-publish","hentry"],"_links":{"self":[{"href":"https:\/\/www.escolasabelheira.com\/index.php\/wp-json\/wp\/v2\/pages\/3718","targetHints":{"allow":["GET"]}}],"collection":[{"href":"https:\/\/www.escolasabelheira.com\/index.php\/wp-json\/wp\/v2\/pages"}],"about":[{"href":"https:\/\/www.escolasabelheira.com\/index.php\/wp-json\/wp\/v2\/types\/page"}],"author":[{"embeddable":true,"href":"https:\/\/www.escolasabelheira.com\/index.php\/wp-json\/wp\/v2\/users\/1"}],"replies":[{"embeddable":true,"href":"https:\/\/www.escolasabelheira.com\/index.php\/wp-json\/wp\/v2\/comments?post=3718"}],"version-history":[{"count":0,"href":"https:\/\/www.escolasabelheira.com\/index.php\/wp-json\/wp\/v2\/pages\/3718\/revisions"}],"wp:attachment":[{"href":"https:\/\/www.escolasabelheira.com\/index.php\/wp-json\/wp\/v2\/media?parent=3718"}],"curies":[{"name":"wp","href":"https:\/\/api.w.org\/{rel}","templated":true}]}}

Associações de Pais e Encarregados e Educação

<p class="has-text-align-left has-medium-font-size"><strong><code><strong>Associação de Pais e Encarregados de Educação do Agrupamento de Escolas da Abelheira</strong></code></strong></p>



<p>Presidente: Sónia Cristina Rosa da Rosa (<a href="mailto:presidente@apabelheira.pt">presidente@apabelheira.pt</a>)</p>



<p class="has-text-align-left has-medium-font-size"><strong><code><strong>Associação de Pais e Encarregados de Educação do Jardim de Infância N. º1 de Viana do Castelo</strong></code></strong></p>



<p>Presidente: Marco Sérgio da Silva Lima (<a href="mailto:paiscogumelo@gmail.com">paiscogumelo@gmail.com</a>)</p>



<p></p>



<p class="has-text-align-left has-medium-font-size"><strong><code><strong>Associação de Pais e Encarregados de Educação da</strong> <strong>EB1 da Abelheira</strong></code></strong></p>



<p>Presidente: Teresa Lino (<a href="mailto:associacaodepais.eb1abelheira@gmail.com">associacaodepais.eb1abelheira@gmail.com</a>)</p>



<p></p>



<p class="has-text-align-left has-medium-font-size"><strong><code><strong>Associação de Pais e Encarregados de Educação da</strong> <strong>EB Igreja, Meadela (1.º ciclo)</strong></code></strong></p>



<p><strong>Presidente:</strong> Joana Alves (<a href="mailto:jifalves31@gmail.com">jifalves31@gmail.com</a>)</p>



<p></p>



<p class="has-text-align-left has-medium-font-size"><strong><code><strong>Associação de Pais e Encarregados de Educação da</strong> <strong>EB Igreja, Meadela (JI)</strong></code></strong></p>



<p><strong>Presidente:</strong> Ana Isabel Lima (<a href="mailto:apjimeadela@gmail.com">apjimeadela@gmail.com</a>)</p>



<p></p>



<p class="has-text-align-left has-medium-font-size"><strong><strong><code><strong>Associação de Pais e Amigos da EB do Calvário </strong></code></strong></strong></p>



<p><strong>Presidente: </strong>Liliana Andreia Dantas Sobreiro (<a href="mailto:apcalvario@hotmail.com">apcalvario@hotmail.com</a>)</p>



<p></p>

<p>Associação de Pais e Encarregados de Educação do Agrupamento de Escolas da Abelheira Presidente: Sónia Cristina Rosa da Rosa (presidente@apabelheira.pt) Associação de Pais e Encarregados de Educação do Jardim de Infância N. º1 de Viana do Castelo Presidente: Marco Sérgio da Silva Lima (paiscogumelo@gmail.com) Associação de Pais e Encarregados de Educação da EB1 da Abelheira [&hellip;]</p>
